r of k and c?
7
Let c = 544 + -304. Let x(y) = -y**3 - 26*y**2 + 27*y + 15. Let g be x(-27). What is the greatest common factor of c and g?
15
Let i(z) = -17*z + 27. Let f be i(-6). Suppose r = 1, -r = -5*c - 5*r + f. What is the highest common factor of 35 and c?
5
Let i(z) = -z**2 - 118*z - 1588. Let u be i(-16). What is the greatest common factor of 748 and u?
44
Let u(z) = 87*z**2 + 416*z + 25. Let g be u(-5). Calculate the greatest common divisor of 330 and g.
30
Let y(c) = 573*c**2 + 4*c + 1. Let r be y(3). What is the greatest common divisor of r and 88?
22
Let o be (-3)/(-6) - 3/(-2). Suppose -o*c = 3*c - 200. Let z be ((-680)/(-119))/(26/273). Calculate the highest common divisor of z and c.
20
Suppose -55 = -3*u + 116. Let i = u + -42. Suppose 3*t + 240 = 5*z, -t + 4*t + i = 0. Calculate the highest common divisor of 495 and z.
45
Let p(y) = y**3 + 27*y**2 + 23*y + 36. Let v be p(-26). Suppose -2*l = -5*m - 106, 3*m = -9*l + 11*l - v. Calculate the greatest common divisor of 42 and l.
21
Suppose -3*s + 112 = -4*s. Let h = s + 248. Let g be (-249)/(-15) + 837/(-45) + 19. Calculate the greatest common factor of h and g.
17
Suppose 4*n = 8, 5*s - 5*n + 2*n - 159 = 0. Let g be s/(-44) - (-2 - (-3)/12). Let m = 14 + -6. What is the highest common factor of g and m?
1
Let n(s) = -s**3 - 19*s**2 - 11*s - 10. Let h be n(-17). Let l = -358 - h. What is the highest common divisor of l and 1?
1
Let g be (-1353 + -7)/(1/((49/(-2))/7)). Calculate the highest common factor of 16 and g.
8
Let n(f) be the second derivative of 0 + 0*f**4 + 25/2*f**2 + 12*f - 1/3*f**3 - 1/20*f**5. Let r be n(0). What is the highest common factor of 225 and r?
25
Let h = -271 + 262. Let m(r) = 8 - 3*r + 2*r + 0. Let l be m(h). Calculate the greatest common factor of 68 and l.
17
Let g(m) = 6*m**3 + 68*m**2 + 18*m - 34. Let y be g(-11). What is the highest common factor of y and 505?
5
Let o(g) = -10*g**2 - 3*g + 10. Let r(h) = 2. Let v(x) = o(x) - 4*r(x). Let b be v(-3). Let j = 82 + b. Calculate the highest common divisor of 39 and j.
3
Let d be 8*1*(7 - 5). Let o(q) = q**2 + 2*q - 32. Suppose -3*p = -g - 25, 27 + 38 = -4*g + 5*p. Let h be o(g). What is the highest common divisor of d and h?
16
Let j(h) = -h**3 + 33*h**2 - 47*h + 14. Let w be j(23). Calculate the highest common divisor of w and 103.
103
Suppose 2*a - 42 - 241 = -z, 7*z - 3*a = 1998. Calculate the highest common divisor of z and 4389.
57
Let b(y) = 13*y + 20. Let g(x) = -x. Let z(t) = -2*b(t) + 14*g(t). Let s be z(-3). Calculate the highest common factor of 10 and s.
10
Let r = -3 - -1. Let l be (0 - 1) + (-28 - -17). Let g = r - l. What is the highest common factor of 100 and g?
10
Suppose 4*t - t + 9 = 0. Let q be (-22)/t*(4/8 - -1). What is the highest common divisor of q and 2?
1
Let q(j) = -j**3 + 15*j**2 + 14*j + 51. Let x be q(16). Suppose u - x = 57. Let f = u + -50. Calculate the greatest common divisor of 26 and f.
26
Suppose -5*x = -21 - 51 - 3. Suppose 5*c = 5*g + 4*c - 826, 3*g = 3*c + 498. What is the highest common divisor of g and x?
15
Suppose 0 = 5*k - 11 - 4. Let b = -82 + 87. Let z(n) = -4*n + 23. Let y be z(b). What is the highest common divisor of k and y?
3
Let d = 51 - 9. Suppose 3*i + 2*k - 68 = -14, 3*i + 4*k - 54 = 0. What is the greatest common factor of i and d?
6
Suppose -5*n - 9*z = -12*z + 320, 4*n = 2*z - 256. Let a = n - -152. What is the highest common divisor of a and 22?
22
Let h be (11/(-2))/((-12)/16 + 2/4). What is the greatest common factor of h and 246?
2
Let d be (384/(-4))/(-8) + 1. Suppose -j = -d*j + 7632. Calculate the highest common divisor of j and 24.
12
Let x = 8149 - 6285. Calculate the greatest common factor of 16 and x.
8
Suppose 0 = -3*j + 339 + 1509. Suppose j = 4*x - 484. Suppose 223 = 20*q - 277. Calculate the greatest common divisor of x and q.
25
Suppose -12*h - 196636 = -25*h - 31*h. Calculate the greatest common divisor of 82 and h.
41
Let z be 0 + (2 - 3) + 2. Let w(p) = 20*p - 185. Let f be w(9). Let d be (f/(-10))/(-4 - 45/(-10)). What is the greatest common factor of z and d?
1
Suppose -5 = 5*h, -h - 399 = -2*k + 100. Let l be 6 - (-10)/15*k. What is the greatest common factor of l and 43?
43
Suppose 24 = 2*i + 34. Let v be 0*i/(2 + 8). Suppose -4 = f - v, 0 = 4*x - 5*f - 560. What is the highest common divisor of x and 15?
15
Suppose -21 = 3*x, -3*x - 747 = -4*j - 2*x. Calculate the greatest common divisor of j and 592.
37
Suppose -3*b + 92 = 5*l, -1206 + 1064 = -4*b + 3*l. What is the greatest common factor of 306 and b?
34
Let n be (-12 - 3 - -6)/((-15)/30). Calculate the greatest common factor of 1104 and n.
6
Let l be (-75)/(-10)*12/5. Let n(f) = 9*f + 73. Let p be n(-8). Let d be 5 - (3 - -190)*(0 - p). Calculate the greatest common divisor of l and d.
18
Let i be 6 + 6/(-6) - (10 + -5141). What is the greatest common divisor of i and 48?
48
Let f = 836 - 672. Let x = 283 + -279. Calculate the highest common factor of x and f.
4
Let o be (-2 - 2 - 8)/2 + 49. Calculate the greatest common divisor of o and 387.
43
Let y(b) = -97*b**3 + 5*b + 4. Let q be y(-1). Let k = -14 - -16. Let d be 28/4 + k - -3. Calculate the highest common divisor of q and d.
12
Suppose 5*f = 17*f - 5376. Suppose n = -2*n + 21. Calculate the highest common factor of f and n.
7
Let r be 24/(-60) + 19332/30. Calculate the greatest common factor of r and 56.
28
Let a(h) = -2*h**2 - 136*h - 2143. Let l be a(-43). Let w = -2 - -4. Suppose 3*r = 3, -w*j + 2*r - 107 = -7*j. Calculate the greatest common divisor of l and j.
7
Let j(c) = -366*c - 999. Let y be j(-3). What is the greatest common divisor of 1221 and y?
33
Let x(z) = z**2 + 8*z + 11. Let y be x(-8). Suppose 5*q - 4*q = 2*w - 84, 3*q = 3*w - 237. Let d = q + 162. What is the highest common divisor of y and d?
11
Suppose -25*a + 15*a = 5300. Let n = a + 563. Let i(t) = -t**3 - 5*t**2 - 4*t + 2. Let r be i(-5). What is the highest common divisor of n and r?
11
Let x = -83152 - -83183. Let w = 537 - -176. Calculate the highest common divisor of x and w.
31
Let p(i) = -i**2 - 6*i - 1. Let z be p(-5). Suppose 2*y - 34 = -2*o + z, 0 = -o - 5. Calculate the highest common factor of 156 and y.
12
Suppose -26 = -5*d + 2*t + 125, 2*d + 4*t - 46 = 0. What is the greatest common factor of 7801 and d?
29
Suppose 5 = -12*u + 7*u. Let o be 6/(15/(-24) - u). Let r(a) = a**2 - 4*a + 80. Let q be r(0). What is the greatest common factor of o and q?
16
Let v(u) = 35*u**2 + 1. Let x be v(1). Suppose 34*i + 264 = x*i. What is the greatest common factor of i and 99?
33
Suppose -4*v - 317 + 329 = 0. Let q be (6/4)/(v/52). Calculate the highest common divisor of 104 and q.
26
Suppose -34*d + 47*d - 9802 = 0. Let y = 1180 - d. Calculate the greatest common divisor of y and 6.
6
Suppose -2*j - 20 = -6*j, -n + 3*j = 15. Let z(t) = -t + 154. Let m be z(n). Calculate the greatest common factor of 14 and m.
14
Let i be (-10)/(75/(-12) + 5). Calculate the greatest common factor of 6928 and i.
8
Suppose -16*m - 19*m = 21420. Let q(v) = -3*v**2 + 12*v + 15. Let i be q(-7). Let w = i - m. What is the greatest common factor of 44 and w?
44
Suppose 610 + 336 = -11*t. Let n = t - -161. What is the greatest common factor of 50 and n?
25
Let h(y) = -15*y**2 + 4*y**2 + 2*y**3 + 2*y**2 + 5 + 8*y + 0*y**2. Let k be h(3). Calculate the highest common factor of 9 and k.
1
Let u be -2 - -1 - (-134 + (-38 - -17)). Calculate the highest common factor of u and 242.
22
Suppose -1038 = 125*g - 128*g. Let b = -342 + g. What is the highest common factor of b and 3?
1
Let z = -13801 + 14101. What is the greatest common divisor of z and 175?
25
Let b(y) = -y**3 + 2*y**2 - y. Let k(j) = 6*j**3 - j**2 - 7*j + 15. Let d(p) = 5*b(p) + k(p). Let a be d(-10). Calculate the greatest common factor of a and 7.
7
Suppose -13*h + 5*h - 8*h + 12672 = 0. What is the greatest common divisor of 1176 and h?
24
Let n(s) = -s**2 - 105*s - 1589. Let l be n(-77). What is the highest common factor of 18 and l?
9
Suppose -2*v - 5*t + 92 = 0, 0 = 4*v - 5*v + 2*t + 28. Suppose v*k = 29*k + 7378. What is the highest common factor of k and 34?
34
Suppose 5*v + 4*o = 207, 2*o + 2*o = -2*v + 90. Let x = -17848 + 17861. Calculate the greatest common divisor of v and x.
13
Suppose 8